{"id":2,"date":"2016-05-10T03:48:21","date_gmt":"2016-05-10T03:48:21","guid":{"rendered":"https:\/\/akademiadlaciebie.pl\/?page_id=2"},"modified":"2024-09-11T07:18:14","modified_gmt":"2024-09-11T07:18:14","slug":"sample-page","status":"publish","type":"page","link":"https:\/\/akademiadlaciebie.pl\/?page_id=2","title":{"rendered":"Strona G\u0142\u00f3wna"},"content":{"rendered":"\n<h1 class=\"wp-block-heading\">Szanowni Pa\u0144stwo!<\/h1>\n\n\n\n<p>Dlaczego warto zapisa\u0107 si\u0119 na nasz kurs fotografii cyfrowej. Naszymi instruktorami s\u0105 osoby znane w \u015brodowisku fotograficznym w Zielonej G\u00f3rze i w woj. lubuskim. Instruktorzy \u017cyj\u0105 z fotografii i maj\u0105 nie tylko wiedz\u0119 teoretyczn\u0105 ale przede wszystkim praktyczn\u0105, dzi\u0119ki wieloletniej pracy w fotografii. Szczeg\u00f3\u0142y kliknij&nbsp;<a href=\"https:\/\/web.archive.org\/web\/20240529092138\/http:\/\/akademiadlaciebie.pl\/instruktorzy\/\">Tu<\/a>&nbsp;. Podczas trwania ca\u0142ego kursu bazujemy na zaj\u0119ciach praktycznych, plenerach i zadaniach domowych kt\u00f3re maja na celu prac\u0119 fotograficzn\u0105 pomi\u0119dzy zaj\u0119ciami. Po kursie organizowanym przez Paw\u0142a Sulatyckiego&nbsp; jest mo\u017cliwo\u015b\u0107 wst\u0105pienia to&nbsp;<a href=\"https:\/\/web.archive.org\/web\/20240529092138\/http:\/\/ztf.zgora.pl\/\" target=\"_blank\" rel=\"noreferrer noopener\">Zielonog\u00f3rskiego Towarzystwa Fotograficznego,<\/a>&nbsp;kt\u00f3re powsta\u0142o z inicjatywy kursant\u00f3w. Pos\u0142uchaj fragmentu&nbsp;audycji w Radiu Zielona G\u00f3ra o naszym kursie fotograficznym.<\/p>\n\n\n\n<figure class=\"wp-block-audio\"><audio controls src=\"https:\/\/akademiadlaciebie.pl\/wp-content\/uploads\/2024\/09\/Kurs-radio-Kasia-Schmidt-1.mp3\"><\/audio><\/figure>\n\n\n\n<p><\/p>\n","protected":false},"excerpt":{"rendered":"<p>Szanowni Pa\u0144stwo! Dlaczego warto zapisa\u0107 si\u0119 na nasz kurs fotografii cyfrowej. Naszymi instruktorami s\u0105 osoby znane w \u015brodowisku fotograficznym w Zielonej G\u00f3rze i w woj. lubuskim. Instruktorzy \u017cyj\u0105 z fotografii i maj\u0105 nie tylko wiedz\u0119 teoretyczn\u0105 ale przede wszystkim praktyczn\u0105, dzi\u0119ki wieloletniej pracy w fotografii. Szczeg\u00f3\u0142y kliknij&nbsp;Tu&nbsp;. Podczas trwania ca\u0142ego kursu bazujemy na zaj\u0119ciach praktycznych, [&hellip;]<\/p>\n","protected":false},"author":1,"featured_media":0,"parent":0,"menu_order":0,"comment_status":"closed","ping_status":"open","template":"","meta":{"footnotes":""},"class_list":["post-2","page","type-page","status-publish","hentry"],"_links":{"self":[{"href":"https:\/\/akademiadlaciebie.pl\/index.php?rest_route=\/wp\/v2\/pages\/2","targetHints":{"allow":["GET"]}}],"collection":[{"href":"https:\/\/akademiadlaciebie.pl\/index.php?rest_route=\/wp\/v2\/pages"}],"about":[{"href":"https:\/\/akademiadlaciebie.pl\/index.php?rest_route=\/wp\/v2\/types\/page"}],"author":[{"embeddable":true,"href":"https:\/\/akademiadlaciebie.pl\/index.php?rest_route=\/wp\/v2\/users\/1"}],"replies":[{"embeddable":true,"href":"https:\/\/akademiadlaciebie.pl\/index.php?rest_route=%2Fwp%2Fv2%2Fcomments&post=2"}],"version-history":[{"count":5,"href":"https:\/\/akademiadlaciebie.pl\/index.php?rest_route=\/wp\/v2\/pages\/2\/revisions"}],"predecessor-version":[{"id":37,"href":"https:\/\/akademiadlaciebie.pl\/index.php?rest_route=\/wp\/v2\/pages\/2\/revisions\/37"}],"wp:attachment":[{"href":"https:\/\/akademiadlaciebie.pl\/index.php?rest_route=%2Fwp%2Fv2%2Fmedia&parent=2"}],"curies":[{"name":"wp","href":"https:\/\/api.w.org\/{rel}","templated":true}]}}